k**2 + 15*k - 1. Calculate the remainder when u(-5) is divided by 28.
25
Suppose -24*f + 407 + 242 = -143. Calculate the remainder when 331 is divided by f.
1
Let s(k) = -3 + 3*k**2 - 26*k + 13*k + 16*k. Calculate the remainder when s(-3) is divided by 5.
0
Suppose j = 4*m + 19, j - 4 = -0*j - m. Calculate the remainder when 432/21 + 4/(-7) is divided by j.
6
Let i(j) = -88*j - 1085. What is the remainder when i(-15) is divided by 112?
11
Suppose -n + 176 = z, 4*z = -5*n + 77 + 624. What is the remainder when z is divided by 54?
17
Let a(r) = r**2 + 25*r + 135. Let w be a(-8). Let y(g) = -125*g**3 + 2*g**2 + 2*g - 1. Calculate the remainder when y(w) is divided by 43.
38
Let j(h) = 9*h - 7. Let u = 113 - 97. Calculate the remainder when j(20) is divided by u.
13
Let y(o) = 3*o**3 + 3*o**2 + 4*o + 5. Let j be y(-2). What is the remainder when 106 is divided by 5/15*j - (-1 - 44)?
26
Let v = -7656 - -7682. Calculate the remainder when 330 is divided by v.
18
Suppose -2*p + 9 = -g, -p = -4*g - 24 + 9. Let i = 3 + 6. Calculate the remainder when p - -36 - 16/4 is divided by i.
8
Let a(q) be the first derivative of 5*q**2 - 33*q - 20. Let b be a(6). Let n = b + -9. What is the remainder when 53 is divided by n?
17
Suppose 3*i - 127 = -5*g - 0, -2*g = -5*i + 222. Suppose 4*z - 454 - 86 = 0. Let y = 150 - z. What is the remainder when i is divided by y?
14
Let w(t) = t**2 + 62*t + 322. What is the remainder when 1326 is divided by w(-57)?
31
Suppose -33*i - 34*i - 38640 + 104769 = 0. What is the remainder when i is divided by 100?
87
Suppose 0 = -10*m + 88 + 192. Suppose 31*l - 352 = -2*d + m*l, -4*d + 4*l + 664 = 0. Calculate the remainder when d is divided by 40.
10
Let a = 117 - 43. Suppose a + 190 = 3*o. Calculate the remainder when o is divided by 18.
16
What is the remainder when 612 is divided by (3/5 - 1)/((-124)/(-47585))*-2?
305
Let x = -4331 - -5218. Calculate the remainder when x is divided by 47.
41
Suppose 3*w - 90 = -s, 0*w + 94 = s + 5*w. Let p = 114 - s. Suppose 26 = 4*g + 2*l, 0*g + 2*g = -2*l + 18. Calculate the remainder when p is divided by g.
2
Let v(s) = -371*s**3 + s**2 - 65*s - 65. What is the remainder when v(-1) is divided by 87?
24
Let z(y) = 6*y**2 + y - 2. Let t be z(3). Let w = -52 + t. Suppose 3*j - 12 = -w*j. What is the remainder when 2 is divided by j?
0
Let j = 16073 + -15990. Calculate the remainder when 1163 is divided by j.
1
Let g = -851 + 320. Let z = -529 - g. What is the remainder when 34 is divided by z?
0
Let q = 38 + -19. Let l = 315 - 189. What is the remainder when q is divided by 910/l + (-6)/27?
5
Let d(p) = -p**3 - p**2 - 32*p - 157. Calculate the remainder when d(-6) is divided by 73.
69
Let o = 59 - 34. Let w = 2017 + -2023. Calculate the remainder when 14/(-28)*(-24)/w*-45 is divided by o.
15
Let l(n) = 42*n**2 + 58*n - 48. Calculate the remainder when l(6) is divided by 121.
118
Suppose 5*v - 6*v + 2 = j, v + 5 = 0. Suppose 14*t = 585 + 367. Let b = t - 61. Calculate the remainder when b is divided by j.
0
Let z = 840 - -353. What is the remainder when z is divided by 320?
233
Suppose -54*b - 2*b + 15600 = -6*b. Calculate the remainder when b is divided by 35.
32
Suppose 0 = q - 3*q + 106. Suppose 3*d - 267 = -3*t, -2*t - 946*d + 975*d = -581. What is the remainder when t is divided by q?
49
Suppose 2*i - 695 = -r, 0 = 2*r + 40*i - 35*i - 1394. What is the remainder when r is divided by 23?
20
Suppose -4*f = 2*y + 92 + 16, -86 = 3*f - y. What is the remainder when f/8*(-488)/28 is divided by 7?
5
Let j be 12/(-30) + (-18)/5. Let y(g) = -g**2 - 11*g - 4. Let w(c) = -c**2 - 10*c - 7. Calculate the remainder when y(j) is divided by w(-8).
6
Let z = -378 - -1158. What is the remainder when z is divided by 67?
43
Let c = -5126 - -5802. Calculate the remainder when c is divided by 53.
40
Suppose -4*k = -2*r - 676, -r - 979 = -5*k - 134. Suppose -k = -2*w - 99. What is the remainder when w is divided by 492/28 - (-12)/28?
17
Let k(t) = 4*t + 4. Let w = -16 + 22. What is the remainder when ((-8)/(-3))/4*(858/4 + -6) is divided by k(w)?
27
Suppose -4*d = -5*m - 74, -4*d + 18*m = 23*m - 54. Suppose 9*b + d*b = 100. What is the remainder when 18 is divided by b?
2
Let f = 3859 - 3814. Suppose -2*m - 5*b - 5 = 0, m + 2*b + 5 = -b. Calculate the remainder when f is divided by m.
5
Let v be (-17)/8 - (-2)/16. What is the remainder when ((-270)/25)/(v - 51/(-30)) is divided by 22?
14
Let f(g) = -7*g**3 + 195*g**2 + 33*g - 59. Calculate the remainder when 260 is divided by f(28).
17
Let v be (2/4)/((-75)/(-72) + -1). Let c be 15/v*(-16)/(-4). Suppose y - 1 = 2*a + 2, 2*a = c*y - 23. Calculate the remainder when 3 is divided by a.
0
Calculate the remainder when (-18 + (1 - -12))*-25 is divided by 4.
1
Suppose 18*r - 350622 = -68*r. Calculate the remainder when r is divided by 51.
48
Suppose d = -k + 322, -6*d + 3*d + 4*k = -980. Let m = -313 + d. What is the remainder when 59 is divided by m?
4
Calculate the remainder when (-80 - -79)*618/4*(-78)/9 is divided by 662.
15
Suppose 0 = y + d - 3692, -5*d = 87*y - 92*y + 18490. Calculate the remainder when y is divided by 307.
11
Suppose -213*d + 214*d - 851 = -3*m, d - 851 = -m. What is the remainder when d is divided by 235?
146
Suppose -4382 = 9*l - 4688. Let y = 2 - -1. Suppose y*i + 57 = 6*i. What is the remainder when l is divided by i?
15
Suppose -878*m + 876*m + 118 = 0. Calculate the remainder when 150 is divided by m.
32
Let p = -9569 + 9913. What is the remainder when p is divided by 129?
86
Let c(i) = i**3 - i**2 - 7*i - 2. Suppose -11126 = 15*t - 11351. Calculate the remainder when c(5) is divided by t.
3
Let y(i) = i + 13. Let m be y(9). Let q = 27 - m. Suppose -928*w + 934*w = 96. What is the remainder when w is divided by q?
1
Let u(k) = 2*k**2 + 20*k + 25. Let r be u(-9). Let s be r + 3 + 0 + 1. Suppose 1000 = s*z - 3*z. Calculate the remainder when z is divided by 21.
20
Let h(q) = -16*q**3 + 3*q**2 - 3*q + 14. What is the remainder when h(-3) is divided by 22?
20
Suppose w - p - 3*p - 296 = 0, -4*w - 3*p + 1146 = 0. Suppose z - w = -5*z. Suppose -6*v + z = -2*v. What is the remainder when 23 is divided by v?
11
Suppose 15*a - 625 = -25. Suppose 0 = 3*n + 2*m - 32, 0*n + 2*m = n - 24. What is the remainder when a is divided by n?
12
Let w(p) = 3*p - 3. Suppose 104*h = 99*h - 40. Let y(o) = 11*o + 100. What is the remainder when w(9) is divided by y(h)?
0
Suppose -4*m - 2*q + 12 = 0, q - 10 = -8*m + 4*m. Let x be (4 + (m - 2))*(2 - 0). Suppose -204 = 5*t - x*t. Calculate the remainder when t is divided by 26.
16
Let q(d) = -26*d - 40. Let i be q(4). Let o = 165 + i. What is the remainder when o is divided by 18?
3
Let k(z) = 58*z + 133. Let y be ((-48)/(-40))/((24/10)/6). Calculate the remainder when k(y) is divided by 5.
2
Let o be 2 + 119 + (5 - 0). Let l = o - 93. Calculate the remainder when 296 is divided by l.
32
Suppose -q - 34 = -6*q - 3*r, -2*q + 2*r + 20 = 0. Let a be 8*(4 - (-117)/12). Let o = a - 73. What is the remainder when o is divided by q?
5
Let c(t) = -t**3 - 4*t**2 - 5*t - 2. Let m be c(-3). Suppose 4*d + 34*v - 40*v = 34, 2*d - 30 = 2*v. Calculate the remainder when 6/4*m*18 is divided by d.
24
Let p = -13760 + 13924. What is the remainder when 707 is divided by p?
51
What is the remainder when (132/(-55))/(20/(-17075)) is divided by 17?
9
Suppose 9*v - 30093 = -16*v - 7918. Calculate the remainder when v is divided by 219.
11
Let x be (12 - 0)*(-82)/123. Let v(k) = -3*k**3 - 22*k**2 + 9*k + 26. Calculate the remainder when v(x) is divided by 2.
0
Suppose -7 + 39 = m - 2*h, 4*m - 137 = 5*h. What is the remainder when 8/144*2118 - (-3)/9 is divided by m?
4
Let m = -8 + 12. Suppose -2*i - 6*g = -m*g - 28, -4*i = g - 44. Let q(y) = 15*y - 143. Calculate the remainder when q(12) is divided by i.
7
Let i = 56 + -52. Suppose -5*j = z + 57, -4*z + i*j = z + 140. Let m = z + 79. What is the remainder when m is divided by 12?
11
Let l = 8979 - 4942. What is the remainder when l is divided by 101?
98
Let o be (100/(-12) + 3)/((-2)/9). Let x = o + -16. Let j = x + 16. What is the remainder when 45 is divided by j?
21
Let z be 330/(-77) + 7 + (-2)/(-7). Suppose 4*m - 8*y + 3*y - 1500 = 0, -1125 = -z*m - 3*y. Calculate the remainder when 